 + 5523 = 3*p, -2*p + 4 = 0. What is the tens digit of f?
1
Suppose -3*k + l = k - 2463, -4*k - l = -2473. Suppose -755 - k = -14*i. What is the tens digit of i?
9
Let y = 16074 + -11138. Suppose -37*q + y = -29*q. What is the tens digit of q?
1
Let y(x) = -3*x**3 - 11*x**2 + 21*x - 27. Let a be y(6). Let q = a + 2355. What is the tens digit of q?
1
What is the hundreds digit of (-62096)/(-64) + (-5)/(60/(-9))?
9
Let h be (-6)/(-2) + (-4 - -4 - -2). Let a = 21 - h. Let d = 83 - a. What is the units digit of d?
7
Suppose 24*r - 27*r = -j - 8, 5*r - 8 = 3*j. Suppose 1134 = l + 4*l + 4*h, -l + 246 = -j*h. What is the units digit of l?
0
What is the tens digit of (364986/(-63))/(-9) + 12/42?
4
Let p = 350 - 344. What is the units digit of (1535/(-10) + p)*2/(-5)?
9
Suppose 0 = 4*m - 0*d - d - 75, d = -3*m + 51. Suppose 4*z + 10 = m. Suppose -w + 4 = -n - z, -2*w + 21 = -5*n. What is the units digit of w?
3
Let m(n) = -4*n - 17. Let g be m(-5). Suppose 5*j + 4*z + 280 = 0, -4*j + 2*z - g*z = 213. Let y = -21 - j. What is the units digit of y?
1
Let j be -4 + 3 + -37 + 2. Let g = 37 + j. Let z = 19 - g. What is the tens digit of z?
1
Suppose -5*z - 13 = 3*t, 2*z - 2*t = -0*z - 18. Let w(c) = c. Let n(g) = 4*g + 21. Let j(r) = z*w(r) + n(r). What is the units digit of j(-6)?
7
Suppose 2*s - 27555 = 2*l - 95081, -25 = -5*s. What is the units digit of l?
8
Suppose 0 = 11*f - 6*f - 2*c + 710, 4*f - c + 568 = 0. Let p = f - -268. What is the units digit of p?
6
Let m(s) = s**2 + s - 3. Let d be (1 + 3/(-2))*0. Suppose 0 = 4*o - d*o + 3*z + 29, -4*o + z - 17 = 0. What is the units digit of m(o)?
7
Let f be (-6)/(-4)*-1*8/(-3). What is the tens digit of ((f/(-3))/1)/((-2)/495)?
3
Let r be (-9)/27 - (0 - (-26)/(-6)). Suppose 4*n - r*i = 388, 3*n - 3*i - 293 = -2*i. What is the tens digit of n?
9
Let m = 261 - 258. Suppose 2*s = -5*a + 320, -4*a + m*s = s - 256. What is the units digit of a?
4
Suppose -451*m + 7512 = -445*m. Suppose 1088 = 5*a - m. What is the units digit of a?
8
Let y(d) = d**3 + 19*d**2 + 19*d + 14. Let v be y(-18). What is the hundreds digit of v - 0 - (-822 + -2)?
8
Let w(j) = -962*j**3 + j**2 - 10*j + 9. What is the hundreds digit of w(-3)?
0
Suppose -2*p + 444 = 4*p. Suppose p = b - 2*n - 81, -n = -2. What is the hundreds digit of b?
1
Let z = -3943 + 5262. What is the thousands digit of z?
1
Suppose -11*d = -4*d + 2807. Let p = 801 + d. What is the hundreds digit of p?
4
Let q(n) be the third derivative of 0 - 40*n**2 - 1/30*n**5 + 5/2*n**3 + 0*n + 1/120*n**6 + 1/12*n**4. What is the tens digit of q(7)?
7
Let i = 97 - 84. What is the hundreds digit of (-514)/(-14)*i + 18/(-63)?
4
Suppose -27*g + 34*g - 29484 = 0. Suppose g = -2*b + 11*b. What is the units digit of b?
8
Let b be (-2)/10 - 174/5. Let u be (6 - (-2 + 9)*19)/(0 - 1). Let j = b + u. What is the tens digit of j?
9
Let m(a) = 280*a + 25. Let q be m(-5). What is the units digit of (q - -4)*4/18*-3?
4
Let n = 8557 - 5504. What is the hundreds digit of n?
0
Let i(r) = 5*r**2 + 6*r - 4. Let x be i(6). Let m be -2*2/(-2)*x. Suppose 3*n = -5*n + m. What is the tens digit of n?
5
Suppose 2*n - 2*g - 28 = 2*g, 0 = -4*n - g + 11. Suppose 6*j - 243 = -5*w + 9*j, 4*j = n*w - 188. What is the units digit of w?
1
Let g(c) be the first derivative of 2*c**3/3 + c**2/2 - 11*c + 18. Suppose 10*r + 8*r = 90. What is the tens digit of g(r)?
4
Let q(h) = -4*h**3 + h**2 + 4*h - 8. Let m be q(-4). Suppose -m = -7*c + 1159. What is the units digit of c?
1
Suppose p - 39*p = 21*p - 2026296. What is the units digit of p?
4
Let q(v) = -1218*v + 4589. What is the thousands digit of q(-16)?
4
Suppose 116 = 3*r - 4*x, 0 = -r - 0*r - x + 41. Suppose r*u - 29263 - 5177 = 0. What is the hundreds digit of u?
8
Suppose 6*s + v - 1128 = 24189, 5*v = 4*s - 16895. What is the units digit of s?
0
Suppose -9*q = -6*q + 15. Let i be (-3)/(((-60)/(-16))/q). Suppose -y = 4*y - 4*g - 347, -3*g + 259 = i*y. What is the tens digit of y?
6
Let k(h) = 3*h**3 - 61*h**2 + 59*h - 22. What is the hundreds digit of k(22)?
6
Suppose -17*k + 6743 = -6*k. Suppose 2*x + q - k - 884 = 0, -1477 = -2*x + 3*q. What is the units digit of x?
6
Let j(p) = -p**2 - 18*p + 54. Let x be j(-24). What is the units digit of -6 + x*(-56)/21?
4
Let k(l) be the third derivative of -l**5/60 - 3*l**4/8 + 5*l**3/3 + l**2 - 662*l. Let j = -7 - -2. What is the units digit of k(j)?
0
Let r(s) = 1036*s + 2801. What is the tens digit of r(47)?
9
Let x = -251 - -254. Let c be -1*(-4 - 1*-2). Suppose 0*k + c*k - 113 = 5*i, x*k - 3*i - 165 = 0. What is the tens digit of k?
5
Suppose 109510 = 51*j - 290551 + 94520. What is the hundreds digit of j?
9
Let b = 39 + -39. Suppose 3*m - 2 - 16 = b. Let i(s) = 4*s**2 - 8*s - 11. What is the tens digit of i(m)?
8
Let h = -36062 + 40172. What is the tens digit of h?
1
Suppose -8*r + 11*r - 36 = 0. Let a(f) = 11*f**2 + 4*f**3 - 3*f**3 - f**3 + f**3 + 17 - r*f. What is the tens digit of a(-12)?
1
Suppose -5*p - 3*i + 25284 = 0, -p - 4*i + 665 = -4402. What is the units digit of p?
5
Let q = -90 - -153. What is the hundreds digit of (5010/40)/((q/(-24))/(-7))?
3
Suppose 83*k - 8 = 79*k. Suppose 8*h - 2634 = -k*n + 9*h, 3*n - 5*h = 3951. What is the thousands digit of n?
1
Let z = -24472 - -39103. What is the tens digit of z?
3
Let u = 48 + 693. What is the hundreds digit of (-1 + 2)/1 - (-4 - u)?
7
Let o = -19592 + 34003. What is the ten thousands digit of o?
1
Suppose 0 = 3*n - 4*n + 2*n. Suppose n = -3*y + 4*b + 163, y - 5*y = 3*b - 259. Let s = -51 + y. What is the tens digit of s?
1
Suppose 5*b - 11*b = -258. Suppose -b*j + 66*j - 36294 = 0. What is the hundreds digit of j?
5
Let w = 3068 + -973. What is the units digit of w?
5
Suppose -28*l - 75 = -43*l. Suppose 4*p - 160 = -l*t + 3*t, 5*t = 0. What is the tens digit of p?
4
What is the tens digit of (28/(-20) - -3)/((-2)/(-105))?
8
Suppose 16 - 46 = -6*x. Suppose 3*i + 4*y = 8, -x*y + 10 = 3*i + i. What is the units digit of (-2)/4*i - (-6 - 4)?
0
Suppose -3*a + 22 = 3*s - s, -36 = -5*s + 2*a. Suppose 7*h + 168 = s*h. What is the tens digit of h?
6
Let n(o) = -9*o - 67. Let h(s) = -5*s - 34. Let a(p) = -5*h(p) + 2*n(p). What is the hundreds digit of a(33)?
2
Let s = 1 - -47. Let d = -100 + s. Let h = d - -265. What is the tens digit of h?
1
Let b(v) = -4*v - 27. Let g be b(-6). Let f be 2*g/3 + -10. What is the units digit of (-374)/f - 14/84?
1
Suppose z = 2*c, 5*z + 4*c = 2*c + 24. Let j be 12/z*-1*-2. Suppose 8 = 8*q - j*q. What is the units digit of q?
4
Let u = 7 + 64. Suppose -2*m = -6, -u = -n - m - 12. What is the tens digit of n?
5
Let n be (-41)/(-4 - (-9)/2). Let u(k) = 6*k**2 + 3*k - 11. Let b be u(-5). Let r = n + b. What is the units digit of r?
2
Let v = 38 - -2. Suppose 0 = -y + v + 57. What is the units digit of y?
7
Let g(p) = p**3 + 4*p**2 + 9*p - 18. Let z(x) = -5*x**3 - 19*x**2 - 44*x + 90. Let k(l) = -11*g(l) - 2*z(l). What is the tens digit of k(-10)?
2
Let z(a) = -a**2 + a. Let i be z(0). Suppose i = -o + 3*s - 4, s - 17 = 2*o + 6. Let b = 1 - o. What is the units digit of b?
4
Suppose 9*n - 2334 = -39. Let b = -152 + n. Suppose 3*o - b = -4*t - 2*o, -o - 1 = 0. What is the tens digit of t?
2
Let n(i) = 2*i + 5. Suppose -h - 3*c = -2*c + 8, 0 = -3*h - c - 20. Let g be n(h). What is the tens digit of 95 + g + 2/(-1)?
8
Suppose 0 = 4*a - 43 + 3. Let b be 1008/a + 4/20. Suppose 0 = -3*m + 2*o + 80 + b, -5*m + 305 = -5*o. What is the tens digit of m?
5
Let k = 11841 - 6354. What is the units digit of k?
7
Let y be (-10)/(25/(-5))*(1 + 0). Suppose y*m - 2095 - 1039 = -4*a, -5*a + 3910 = 5*m. What is the units digit of a?
5
Suppose 117*u - 119*u = 4*n - 114768, 86063 = 3*n - 5*u. What is the thousands digit of n?
8
Let p(y) be the first derivative of 20*y**3/3 - 9*y**2/2 + 11*y + 103. What is the hundreds digit of p(-3)?
2
Let m(b) = 6*b**3 - 3*b**2 + 4*b - 5. Suppose 11*r - 22 = 11. Let s be m(r). Suppose s = 4*u + 5*n, 2*u - 2*n - 2*n - 84 = 0. What is the units digit of u?
8
Let a be ((-256)/10)/((-16)/280). Suppose 0*p + 4*p + 2*v = 456, 4*p = 2*v + a. Let s = p - 28. What is the units digit of s?
5
Let s(o) = -o**2 + 1. Let m be s(-2). Suppose 4*b - 5*x + 1740 = 0, 2*b + 824 = -3*x - 46. What is the tens digit of m/(-6) - b/6?
7
Let z b